{"id":22,"date":"2018-12-15T18:24:29","date_gmt":"2018-12-15T17:24:29","guid":{"rendered":"https:\/\/steffi.die-ritters.de\/?page_id=22"},"modified":"2018-12-15T18:52:09","modified_gmt":"2018-12-15T17:52:09","slug":"meine-diva-und-ich","status":"publish","type":"page","link":"https:\/\/steffi.die-ritters.de\/","title":{"rendered":"Meine Diva und ich&#8230;"},"content":{"rendered":"\n<p>meine Familie und Freunde wissen wer die Diva ist. F\u00fcr alle Anderen gibt es jetzt eine kurze Erkl\u00e4rung.<\/p>\n\n\n\n<p>Bei mir wurde 2015 die Diagnose CRPS (Morbus Sudeck) gestellt, und zwar an meiner linken Hand. Grund f\u00fcr CRPS war eine Operation Ende 2013 an der Sehnenscheide. Ich hatte mich lange Zeit gegen einen erneuten Arztbesuch gewehrt, denn der Handchirurig hat mir damals erkl\u00e4rt, ich h\u00e4tte die Hand einfach nicht genug bewegt und soll mich nicht so anstellen. Bewegen sie die Hand einfach mehr und gut.&nbsp; Was ich rausgeh\u00f6rt habe, sie bilden sich alles nur ein und wollen ja nur Aufmerksamkeit haben. <\/p>\n\n\n\n<p>Also habe ich, wie meistents, Augen zu und durchhalten praktiziert. Leider wurden die Dauerschmerzen und Schmerzattacken nicht besser oder gar weniger. Dazu kamen dann Schwellung, vermehrter Haar- und Nagelwuchs. Typisch f\u00fcr CRPS, dass wei\u00df ich jetzt! Nach der Diagnose in 2015 hatte ich dann Ergotherapie, ich war frustriert, hatte Schmerzen, konnte nicht mehr schlafen und war einfach nur w\u00fctend auf meine Hand. Meine Ergotherapeutin hat mich angesehen und gemeint, dass das absolut verst\u00e4ndlich und nachvollziehbar sei. ABER, ich soll mir eins bewusst machen, meine Hand kann nichts daf\u00fcr und ist weder b\u00f6se noch gemein. Wenn ich auf etwas w\u00fctend sein soll, dann auf die Krankheit. Sie hat mir geraten, mir einen Namen zu \u00fcberlegen f\u00fcr das CRPS.<\/p>\n\n\n\n<p>Das erste was mir in den Sinn kam, DIVA!!!!<\/p>\n\n\n\n<p>Den Namen fand ich einfach perfekt; Diva, die gefeierte, die g\u00f6ttliche, die durch exzentrische All\u00fcren von sich reden macht, jemand der durch besondere Empfindlichkeit\/Lauenhaftigkeit oder \u00c4hnliches auff\u00e4lt.<\/p>\n\n\n\n<p>Jetzt hatte ich auf einmal einen Ansprechpartner mit Namen, den ich anschreien und beschimpfen konnte. Mit dem ich in Interaktion treten kann und mit dem ich mich unterhalten kann.<\/p>\n\n\n\n<p>Deshalb gibt es in meinem Leben eine DIVA, mit der ich mich arrangierenund mit der ich leben muss.<br><\/p>\n","protected":false},"excerpt":{"rendered":"<p>meine Familie und Freunde wissen wer die Diva ist. F\u00fcr alle Anderen gibt es jetzt eine kurze Erkl\u00e4rung. Bei mir wurde 2015 die Diagnose CRPS (Morbus Sudeck) gestellt, und zwar an meiner linken Hand. Grund f\u00fcr CRPS war eine Operation Ende 2013 an der Sehnenscheide. Ich hatte mich lange Zeit gegen einen erneuten Arztbesuch gewehrt, &hellip; <\/p>\n<p class=\"link-more\"><a href=\"https:\/\/steffi.die-ritters.de\/\" class=\"more-link\"><span class=\"screen-reader-text\">\u201eMeine Diva und ich&#8230;\u201c<\/span> weiterlesen<\/a><\/p>\n","protected":false},"author":2,"featured_media":0,"parent":0,"menu_order":0,"comment_status":"closed","ping_status":"closed","template":"","meta":{"footnotes":""},"class_list":["post-22","page","type-page","status-publish","hentry"],"_links":{"self":[{"href":"https:\/\/steffi.die-ritters.de\/index.php\/wp-json\/wp\/v2\/pages\/22"}],"collection":[{"href":"https:\/\/steffi.die-ritters.de\/index.php\/wp-json\/wp\/v2\/pages"}],"about":[{"href":"https:\/\/steffi.die-ritters.de\/index.php\/wp-json\/wp\/v2\/types\/page"}],"author":[{"embeddable":true,"href":"https:\/\/steffi.die-ritters.de\/index.php\/wp-json\/wp\/v2\/users\/2"}],"replies":[{"embeddable":true,"href":"https:\/\/steffi.die-ritters.de\/index.php\/wp-json\/wp\/v2\/comments?post=22"}],"version-history":[{"count":2,"href":"https:\/\/steffi.die-ritters.de\/index.php\/wp-json\/wp\/v2\/pages\/22\/revisions"}],"predecessor-version":[{"id":24,"href":"https:\/\/steffi.die-ritters.de\/index.php\/wp-json\/wp\/v2\/pages\/22\/revisions\/24"}],"wp:attachment":[{"href":"https:\/\/steffi.die-ritters.de\/index.php\/wp-json\/wp\/v2\/media?parent=22"}],"curies":[{"name":"wp","href":"https:\/\/api.w.org\/{rel}","templated":true}]}}

<p>meine Familie und Freunde wissen wer die Diva ist. Für alle Anderen gibt es jetzt eine kurze Erklärung.</p>



<p>Bei mir wurde 2015 die Diagnose CRPS (Morbus Sudeck) gestellt, und zwar an meiner linken Hand. Grund für CRPS war eine Operation Ende 2013 an der Sehnenscheide. Ich hatte mich lange Zeit gegen einen erneuten Arztbesuch gewehrt, denn der Handchirurig hat mir damals erklärt, ich hätte die Hand einfach nicht genug bewegt und soll mich nicht so anstellen. Bewegen sie die Hand einfach mehr und gut.&nbsp; Was ich rausgehört habe, sie bilden sich alles nur ein und wollen ja nur Aufmerksamkeit haben. </p>



<p>Also habe ich, wie meistents, Augen zu und durchhalten praktiziert. Leider wurden die Dauerschmerzen und Schmerzattacken nicht besser oder gar weniger. Dazu kamen dann Schwellung, vermehrter Haar- und Nagelwuchs. Typisch für CRPS, dass weiß ich jetzt! Nach der Diagnose in 2015 hatte ich dann Ergotherapie, ich war frustriert, hatte Schmerzen, konnte nicht mehr schlafen und war einfach nur wütend auf meine Hand. Meine Ergotherapeutin hat mich angesehen und gemeint, dass das absolut verständlich und nachvollziehbar sei. ABER, ich soll mir eins bewusst machen, meine Hand kann nichts dafür und ist weder böse noch gemein. Wenn ich auf etwas wütend sein soll, dann auf die Krankheit. Sie hat mir geraten, mir einen Namen zu überlegen für das CRPS.</p>



<p>Das erste was mir in den Sinn kam, DIVA!!!!</p>



<p>Den Namen fand ich einfach perfekt; Diva, die gefeierte, die göttliche, die durch exzentrische Allüren von sich reden macht, jemand der durch besondere Empfindlichkeit/Lauenhaftigkeit oder Ähnliches auffält.</p>



<p>Jetzt hatte ich auf einmal einen Ansprechpartner mit Namen, den ich anschreien und beschimpfen konnte. Mit dem ich in Interaktion treten kann und mit dem ich mich unterhalten kann.</p>



<p>Deshalb gibt es in meinem Leben eine DIVA, mit der ich mich arrangierenund mit der ich leben muss.<br></p>

<p>meine Familie und Freunde wissen wer die Diva ist. Für alle Anderen gibt es jetzt eine kurze Erklärung. Bei mir wurde 2015 die Diagnose CRPS (Morbus Sudeck) gestellt, und zwar an meiner linken Hand. Grund für CRPS war eine Operation Ende 2013 an der Sehnenscheide. Ich hatte mich lange Zeit gegen einen erneuten Arztbesuch gewehrt, &hellip; </p>
<p class="link-more"><a href="https://steffi.die-ritters.de/" class="more-link"><span class="screen-reader-text">„Meine Diva und ich&#8230;“</span> weiterlesen</a></p>
